{"id":2,"date":"2019-11-25T09:06:27","date_gmt":"2019-11-25T08:06:27","guid":{"rendered":"http:\/\/fac.univ-ghardaia.edu.dz\/sadouni\/?page_id=2"},"modified":"2019-12-20T12:08:35","modified_gmt":"2019-12-20T11:08:35","slug":"cv","status":"publish","type":"page","link":"https:\/\/fac.univ-ghardaia.edu.dz\/sadouni\/cv","title":{"rendered":"CV"},"content":{"rendered":"<p><strong>SADOUNI Radhwane<\/strong><\/p>\n<p><em>Ma\u00eetre de Conf\u00e9rence<\/em><\/p>\n<p><em>Facult\u00e9 des Sciences et de la Technologie<\/em><\/p>\n<p><em>D\u00e9partement d&rsquo;automatique et \u00e9lectrom\u00e9canique\u00a0<\/em><\/p>\n<p><em>Universit\u00e9 de Ghardaia<\/em><\/p>\n<p><em>Poste: Vice doyen charg\u00e9 de la post-graduation de la recherche scientifique et des relations ext\u00e9rieurs\u00a0<\/em><\/p>\n<p><em>T\u00e9l : 06.70.19.84.47<\/em><\/p>\n<p>Email : <a href=\"mailto:redouanesadouni@gmail.com\">redouanesadouni@gmail.com\u00a0 ; \u00a0<\/a><a href=\"mailto:sadouni@univ-ghardaia.dz\">sadouni.radhwane@univ-ghardaia.dz<\/a><\/p>\n<p>Google Scholar:\u00a0<a href=\"https:\/\/scholar.google.com\/citations?hl=fr&amp;user=Pl9dy_0AAAAJ\">https:\/\/scholar.google.com\/citations hl=fr&amp;user=Pl9dy_0AAAAJ<\/a><\/p>\n<p>Researchgate:\u00a0<a href=\"https:\/\/www.researchgate.net\/profile\/Radhwane_Sadouni\">https:\/\/www.researchgate.net\/profile\/Radhwane_Sadouni<\/a><\/p>\n<p>Laboratoire <span style=\"font-size: 12pt\">des Mat\u00e9riaux, Technologie des Syst\u00e8mes \u00c9nerg\u00e9tiques et Environnement\u00a0 \u00a0\u00a0 <\/span><a href=\"http:\/\/mestel.univ-ghardaia.edu.dz\/fr\/\">http:\/\/mestel.univ-ghardaia.edu.dz\/fr\/<\/a><\/p>\n<p style=\"text-align: center\"><span style=\"font-size: 18pt\"><strong>Curriculum Vitae<\/strong><\/span><\/p>\n<p><span style=\"color: #993300\"><strong><em>Formation &amp; Etudes:<\/em><\/strong><\/span><\/p>\n<ul>\n<li><strong><em><u>Doctorat en Sciences:<\/u><\/em><\/strong><\/li>\n<\/ul>\n<ul>\n<li><strong><em>Sp\u00e9cialit\u00e9\u00a0<\/em><\/strong><em>: Electrotechnique<\/em><\/li>\n<li><strong><em>Option\u00a0<\/em><\/strong><em>: Commande \u00e9lectrique <\/em><\/li>\n<li><strong><em>Ann\u00e9e d\u2019obtention<\/em><\/strong><em>: 2017<\/em><\/li>\n<li><strong><em>Etablissement<\/em><\/strong><em>:<\/em> <em>Universit\u00e9 Djillali Liabes de Sidi Bel Abbes.<\/em><\/li>\n<li><strong><em>Th\u00e8se\u00a0<\/em><\/strong><em>:\u00a0\u00abCommande Directe du Couple DTC-SVM d\u2019une MASDE Associ\u00e9e \u00e0 Deux Onduleurs Multiniveaux en Cascade avec un Redresseur \u00e0 MLI Pilot\u00e9 par DPC\u00bb<\/em><\/li>\n<li><strong><em>Mention <\/em><\/strong><em>: Tr\u00e8s honorable.<\/em><\/li>\n<\/ul>\n<ul>\n<li><strong><em><u>Magister:<\/u><\/em><\/strong><\/li>\n<\/ul>\n<ul>\n<li><strong><em>Sp\u00e9cialit\u00e9\u00a0<\/em><\/strong><em>: G\u00e9nie \u00e9lectrique <\/em><\/li>\n<li><strong><em>Option\u00a0<\/em><\/strong><em>: Convertisseurs \u00e9lectrom\u00e9caniques <\/em><\/li>\n<li><strong><em>Promotion<\/em><\/strong><em>: 2010<\/em><\/li>\n<li><strong><em>Etablissement<\/em><\/strong><em>:<\/em> <em>Universit\u00e9 Djillali Liabes de Sidi Bel Abbes.<\/em><\/li>\n<li><strong><em>M\u00e9moire<\/em><\/strong><em>:\u00a0\u00abCommande par Mode Glissant Flou d\u2019une Machine Asynchrone \u00e0 Double Etoile\u00bb.<\/em><\/li>\n<li><strong><em>Mention\u00a0<\/em><\/strong><em>: Tr\u00e8s bien.<\/em><\/li>\n<\/ul>\n<ul>\n<li><strong><em><u>Ing\u00e9niorat d\u2019\u00e9tat:<\/u><\/em><\/strong><\/li>\n<\/ul>\n<ul>\n<li><strong><em>Sp\u00e9cialit\u00e9\u00a0<\/em><\/strong><em>: Electrotechnique<\/em><\/li>\n<li><strong><em>Option\u00a0<\/em><\/strong><em>: Commande \u00e9lectrique<\/em><\/li>\n<li><strong><em>Promotion<\/em><\/strong><em>: 2008<\/em><\/li>\n<li><strong><em>Etablissement<\/em><\/strong><em>:<\/em> <em>Universit\u00e9 de M\u2019sila<\/em><\/li>\n<li><strong><em>Projet de fin d\u2019\u00e9tude<\/em><\/strong><em>:<\/em> <em>\u00abEtude des Postes de Distribution MT\/BT\u00bb<\/em><\/li>\n<li><strong><em>Mention\u00a0: <\/em><\/strong><em>Tr\u00e8s bien.<\/em><\/li>\n<\/ul>\n<p><span style=\"color: #993300\"><strong><em>Production Scientifique:<\/em><\/strong><\/span><\/p>\n<ul>\n<li><strong><em><u>Publications Internationales:<\/u><\/em><\/strong><\/li>\n<li><strong><em>Sadouni<\/em><\/strong><em>, <\/em><em>A. Meroufel, S. Djriou, A. Kheldoun:\u201c Robust Control by Fuzzy Sliding Mode for a Field Oriented Dual Star Induction Machine Fed by Photovoltaic Generator with MPPT\u201d. The Mediterranean Journal of Measurement and Control, Volume 10, No. 4, Octobre 2016. <\/em><\/li>\n<li><em> Djeriou, A. Kheldoun, <strong>R. Sadouni<\/strong>: \u201cFuzzy indirect field oriented control of a dual star induction motor water pumping system fed by photovoltaic generator\u201d, Engineering Intelligent Systems, (2015) 2: 63\u201376.<\/em><\/li>\n<li><em> Zemmit, <strong>R. Sadouni<\/strong>, A. Meroufel: \u201c<\/em>Direct<em> Torque Control of Double Feed Induction Machine (DTC-DFIM)\u201d. Journal of Advanced Research in Science and Technology, 2015, 2(2), 204-209. <\/em><\/li>\n<li><strong><em> Sadouni<\/em><\/strong><em>, A. Meroufel: \u201cDirect Vector Control Scheme for a Dual Stator Induction Machine (DSIM) Using Fuzzy Logic Controller\u201d, Journal of Advanced Research in Science and Technology, 2014, 1(1), 28-38. <\/em><\/li>\n<li><strong><em> Sadouni<\/em><\/strong><em>, A. Meroufel and S. Djriou: \u201cStudy and Simulation of Direct Torque Control (DTC) for a Six Phase Induction Machine (SPIM)\u201d, International Journal Of Energy, Issue 2, Vol. 7, 2013.<\/em><\/li>\n<li><strong><em> Sadouni<\/em><\/strong><em>, A. Meroufel: \u201cPerformances comparative study of Field Oriented Control (FOC) and Direct Torque Control (DTC) of Dual Three Phase Induction Motor (DTPIM)\u201d, International Journal of Circuits, Systems and Signal Processing, <\/em><em>North Atlantic University Union<\/em><em>_USA.<\/em> <em>Issue 2, Volume 6, 2012.<\/em><\/li>\n<li><strong><em> Sadouni<\/em><\/strong><em>, A. Meroufel: \u201cIndirect Rotor Field Oriented Control (IRFOC) of a Dual Star Induction Machine (DSIM) Using Fuzzy controller\u201d, Acta Polytechnica Hungarica, Vol. 9, No. 4, 2012.<\/em><\/li>\n<\/ul>\n<ul>\n<li><strong><em><u>Communications Internationales:<\/u><\/em><\/strong><\/li>\n<li><strong><em>Sadouni<\/em><\/strong><em>, A. Meroufel, S. Djeriou, A. Khaldoune:<\/em> <em>\u201cField Oriented Control of a Dual Star Induction Machine Fed by Photovoltaic Solar Panel with MPPT\u201d.<\/em> <em>2<sup>\u00e8me<\/sup> conf\u00e9rence Internationale des \u00e9nergies renouvelables CIER-2014, Tunisie. <\/em><\/li>\n<li><em> Hechelef, A. Meroufel, <strong>R .Sadouni<\/strong>:\u201cContribution to the Fuzzy Direct Control of Torque Application Utilising Double Stars Induction Motor\u201d. International Conference on Control, Engineering &amp; Information Technology (CEIT&rsquo;13), Tunisia.<\/em><\/li>\n<li><strong><em><u>Communications Nationales:<\/u><\/em><\/strong><\/li>\n<li><strong><em>Sadouni<\/em><\/strong><em>: \u201cCat\u00e9gorisation et Choix d\u2019une Revue Scientifique\u201d. Journ\u00e9e d\u2019\u00e9tude sur la m\u00e9thodologie de la recherche scientifique, Universit\u00e9 de Ghardaia, Mars 2019.<\/em><\/li>\n<li><strong><em>Sadouni<\/em><\/strong><em>: \u201cMultilevel Direct Torque Control Space Vector Modulation for Double Stator Induction Motor Using improved Direct Power Control Rectifier\u201d<\/em><em>, Premi\u00e8re conf\u00e9rence nationale sur l&rsquo;\u00e9lectrotechnique et les \u00e9nergies renouvelables, Universit\u00e9 de Saida, Novembre 2018.<\/em><\/li>\n<li><strong><em>Sadouni<\/em><\/strong><em>: \u201cLa s\u00e9curit\u00e9 dans les postes de distribution MT\/BT\u201d.<\/em> <em>Journ\u00e9e d\u2019\u00e9tude sur Les risques et la s\u00e9curit\u00e9 dans les laboratoires et les ateliers, Universit\u00e9 de Ghardaia, D\u00e9cembre 2017.<\/em><\/li>\n<li><strong><em>Sadouni<\/em><\/strong><em>, A. Meroufel<\/em><em>: <\/em><em>\u201c<\/em><em>Fuzzy Sliding Mode Robust Control of Dual Three Phase Induction Machine (DTPIM)<\/em><em>\u201d<\/em><em>.<\/em><em> International Conference on Electromechanical Engineering (ICEE&rsquo;2012) Skikda, Algeria.<\/em><\/li>\n<li><strong><em>Sadouni<\/em><\/strong><em>, A. Meroufel<\/em><em>: <\/em><em>\u201c<\/em><em>Fuzzy Speed Controller of a Six Phase Induction Machine (SPIM) With Rotor Field Orientation<\/em><em>\u201d<\/em><em>.<\/em><em> International Conference on Electromechanical Engineering (ICEE&rsquo;2012) Skikda, Algeria.<\/em><\/li>\n<li><strong><em>Sadouni,<\/em><\/strong><em> A. Meroufel: \u201cFuzzy Sliding Mode Control of Dual Star Induction Machine (DSIM) Using Field Orientation\u201d.7<sup>th <\/sup>International Conference on Electrical Engineering, October 2012, Batna, Algeria.<\/em><\/li>\n<li><strong><em>Sadouni<\/em><\/strong>,<em> A. Meroufel: \u201cR\u00e9glage Flou de la Vitesse d\u2019une Machine Asynchrone \u00e0 Double Etoile (MASDE) avec Orientation du Flux Rotorique\u201d. CGE\u201907 EMP, Avril 2011 Alger, Alg\u00e9rie.<\/em><\/li>\n<li><em>Messalti, S. Belkhiat, <strong>R.Sadouni<\/strong>,\u00a0 R.Baali: \u201cConception des postes de distribution MT\/BT\u201d. 3<sup>rd<\/sup> International Conference on Electrical Engineering, May 2009, Algiers, Algeria.<\/em><\/li>\n<\/ul>\n<p><\/p>","protected":false},"excerpt":{"rendered":"<p>SADOUNI Radhwane Ma\u00eetre de Conf\u00e9rence Facult\u00e9 des Sciences et de la Technologie D\u00e9partement d&rsquo;automatique et \u00e9lectrom\u00e9canique\u00a0 Universit\u00e9 de Ghardaia Poste: Vice doyen charg\u00e9 de la post-graduation de la recherche scientifique et des relations ext\u00e9rieurs\u00a0 T\u00e9l : 06.70.19.84.47 Email : redouanesadouni@gmail.com\u00a0<span class=\"ellipsis\">&hellip;<\/span><\/p>\n<div class=\"read-more\"><a href=\"https:\/\/fac.univ-ghardaia.edu.dz\/sadouni\/cv\">Lire la suite &#8250;<\/a><\/div>\n<p><!-- end of .read-more --><\/p>\n","protected":false},"author":39,"featured_media":0,"parent":0,"menu_order":0,"comment_status":"closed","ping_status":"open","template":"","meta":{"_monsterinsights_skip_tracking":false,"_monsterinsights_sitenote_active":false,"_monsterinsights_sitenote_note":"","_monsterinsights_sitenote_category":0,"footnotes":""},"class_list":["post-2","page","type-page","status-publish","hentry"],"_links":{"self":[{"href":"https:\/\/fac.univ-ghardaia.edu.dz\/sadouni\/wp-json\/wp\/v2\/pages\/2","targetHints":{"allow":["GET"]}}],"collection":[{"href":"https:\/\/fac.univ-ghardaia.edu.dz\/sadouni\/wp-json\/wp\/v2\/pages"}],"about":[{"href":"https:\/\/fac.univ-ghardaia.edu.dz\/sadouni\/wp-json\/wp\/v2\/types\/page"}],"author":[{"embeddable":true,"href":"https:\/\/fac.univ-ghardaia.edu.dz\/sadouni\/wp-json\/wp\/v2\/users\/39"}],"replies":[{"embeddable":true,"href":"https:\/\/fac.univ-ghardaia.edu.dz\/sadouni\/wp-json\/wp\/v2\/comments?post=2"}],"version-history":[{"count":5,"href":"https:\/\/fac.univ-ghardaia.edu.dz\/sadouni\/wp-json\/wp\/v2\/pages\/2\/revisions"}],"predecessor-version":[{"id":44,"href":"https:\/\/fac.univ-ghardaia.edu.dz\/sadouni\/wp-json\/wp\/v2\/pages\/2\/revisions\/44"}],"wp:attachment":[{"href":"https:\/\/fac.univ-ghardaia.edu.dz\/sadouni\/wp-json\/wp\/v2\/media?parent=2"}],"curies":[{"name":"wp","href":"https:\/\/api.w.org\/{rel}","templated":true}]}}